divisor of 13695 and 1980?
165
What is the highest common divisor of 3927 and 159?
3
Calculate the greatest common divisor of 10362 and 22638.
66
Calculate the highest common factor of 294 and 201243.
147
Calculate the greatest common factor of 10527 and 8787.
87
What is the greatest common divisor of 1253 and 59786?
179
What is the highest common divisor of 1452984 and 468?
156
What is the greatest common factor of 125 and 113375?
125
What is the highest common divisor of 156249 and 19933?
643
What is the highest common factor of 87 and 1478391?
87
Calculate the greatest common factor of 504990 and 23715.
1395
What is the highest common factor of 713 and 8579?
23
Calculate the greatest common factor of 1991384 and 3664.
1832
Calculate the greatest common factor of 1455 and 125.
5
What is the greatest common factor of 68441 and 17800?
89
What is the highest common factor of 47925 and 18531?
639
What is the highest common divisor of 47197 and 2165?
433
Calculate the highest common factor of 33568 and 9152.
32
What is the greatest common factor of 71072 and 1568?
32
Calculate the highest common divisor of 22575 and 860.
215
What is the greatest common divisor of 1674 and 159?
3
What is the highest common divisor of 58 and 30827?
29
What is the greatest common factor of 23001 and 22?
11
Calculate the highest common factor of 4316 and 8268.
52
Calculate the greatest common factor of 19758 and 16554.
534
What is the highest common factor of 1233854 and 9542?
734
Calculate the highest common divisor of 56 and 11277.
7
Calculate the highest common factor of 256 and 252672.
256
Calculate the highest common factor of 503 and 175044.
503
What is the greatest common factor of 91515 and 30?
15
Calculate the greatest common factor of 3996 and 5832.
108
What is the greatest common factor of 80142 and 456?
114
What is the highest common divisor of 952 and 13496?
56
What is the highest common divisor of 256 and 225816?
8
What is the greatest common factor of 111 and 70559?
37
What is the greatest common divisor of 63 and 248955?
21
Calculate the highest common factor of 27660 and 705.
15
What is the greatest common factor of 238 and 38864?
14
Calculate the greatest common factor of 30 and 36170.
10
What is the highest common divisor of 84141 and 18?
9
Calculate the highest common factor of 13195 and 45965.
145
What is the greatest common factor of 1723061 and 151?
151
Calculate the greatest common factor of 14985 and 555.
555
What is the greatest common factor of 3628 and 2016261?
907
Calculate the highest common divisor of 15 and 70935.
15
What is the greatest common divisor of 18 and 167499?
9
Calculate the greatest common divisor of 647361 and 14157.
1287
What is the greatest common factor of 475 and 8975?
25
Calculate the highest common factor of 287 and 259.
7
Calculate the highest common factor of 152 and 52060.
76
What is the greatest common factor of 36 and 400?
4
What is the highest common divisor of 13392 and 12?
12
What is the highest common factor of 187286 and 396?
22
Calculate the highest common factor of 2546 and 266.
38
Calculate the highest common divisor of 3258913 and 3115.
623
What is the highest common factor of 205 and 42635?
5
What is the highest common factor of 480 and 28880?
80
Calculate the highest common factor of 54 and 537282.
18
Calculate the highest common factor of 596 and 528652.
596
What is the highest common divisor of 902 and 16933?
41
What is the highest common divisor of 105 and 119235?
15
What is the greatest common divisor of 45 and 14285?
5
Calculate the greatest common factor of 35594 and 3034.
74
Calculate the highest common factor of 3112 and 216.
8
What is the greatest common factor of 56 and 4808?
8
Calculate the highest common factor of 47610 and 450.
90
Calculate the highest common factor of 2323 and 28382.
23
What is the highest common factor of 3636 and 156?
12
What is the greatest common divisor of 2754 and 208080?
306
Calculate the highest common divisor of 16439 and 371328.
967
What is the greatest common factor of 56 and 688?
8
What is the greatest common factor of 5288569 and 1209?
403
What is the greatest common factor of 24535 and 560?
35
What is the greatest common factor of 161360 and 530?
10
Calculate the greatest common divisor of 1793 and 14507.
163
What is the highest common factor of 4235 and 350?
35
Calculate the highest common divisor of 2 and 723682.
2
What is the highest common divisor of 72590 and 5474?
238
What is the highest common factor of 6255 and 300?
15
Calculate the highest common divisor of 2814 and 546.
42
What is the greatest common factor of 11 and 115027?
11
What is the highest common divisor of 1350 and 7110?
90
Calculate the highest common divisor of 30 and 211570.
10
Calculate the greatest common factor of 268 and 75643.
67
What is the highest common divisor of 1467 and 9729?
9
What is the highest common divisor of 8692 and 656?
164
Calculate the highest common factor of 3225 and 3425.
25
Calculate the greatest common divisor of 1070540 and 80.
20
What is the greatest common factor of 140 and 935060?
140
Calculate the highest common divisor of 567 and 1806.
21
Calculate the highest common factor of 69596 and 20276.
548
Calculate the highest common divisor of 396072 and 216.
72
Calculate the highest common divisor of 3115 and 69687.
89
What is the greatest common divisor of 33303 and 561?
51
What is the highest common factor of 5 and 4350?
5
Calculate the highest common divisor of 84 and 1922886.
42
Calculate the highest common factor of 13914 and 288.
18
What is the highest common divisor of 4368 and 378?
42
What is the greatest common divisor of 648 and 3408?
24
What is the highest common divisor of 120 and 4746?
6
What is the greatest common divisor of 34 and 198577?
17
What is the greatest common factor of 98 and 7262?
2
What is the greatest common factor of 4 and 2246?
2
What is the highest common divisor of 176 and 332?
4
What is the highest common divisor of 879156 and 24?
12
What is the highest common divisor of 103899 and 177?
177
Calculate the highest common factor of 24 and 9642.
6
What is the greatest common factor of 148 and 3030300?
148
Calculate the highest common divisor of 71107 and 16513.
337
Calculate the greatest common factor of 463452 and 66.
66
Calculate the greatest common divisor of 93473 and 886.
443
What is the highest common divisor of 9258 and 12?
6
Calculate the highest common divisor of 15 and 271.
1
What is the highest common divisor of 2877237 and 495?
99
Calculate the highest common factor of 213378 and 858.
66
Calculate the greatest common factor of 88201 and 46157.
457
What is the highest common divisor of 11284 and 961?
31
What is the highest common divisor of 297 and 11363?
11
Calculate the highest common factor of 444 and 248788.
148
Calculate the highest common divisor of 49 and 52381.
49
What is the greatest common divisor of 32544 and 19800?
72
What is the highest common divisor of 176231 and 1299?
433
Calculate the greatest common divisor of 7662 and 6.
6
What is the greatest common factor of 88560 and 216?
216
What is the highest common factor of 763 and 203?
7
Calculate the greatest common divisor of 12190 and 742.
106
What is the highest common divisor of 105 and 2499?
21
Calculate the highest common divisor of 11 and 3061.
1
What is the highest common divisor of 3225 and 6725?
25
What is the highest common factor of 6576 and 192?
48
What is the greatest common divisor of 1488 and 472?
8
What is the highest common divisor of 6603624 and 164?
164
What is the highest common factor of 918 and 74902?
34
What is the highest common factor of 178164 and 29484?
252
What is the greatest common divisor of 264386 and 8476?
326
Calculate the greatest common factor of 57938 and 472.
118
What is the highest common divisor of 6912 and 896?
128
Calculate the highest common divisor of 2735 and 85.
5
Calculate the greatest common divisor of 4864 and 4352.
256
Calculate the greatest common divisor of 1410 and 330.
30
What is the highest common factor of 1476 and 1341?
9
What is the highest common factor of 757485 and 54?
27
What is the highest common factor of 205 and 258341?
41
What is the highest common factor of 1654433 and 4972?
1243
Calcul